ighest common divisor of 12 and g.
6
Suppose 3*r + 6 = -3, -2*r - 15 = x. Let z be x/(-5) + (-1)/(-5). What is the highest common factor of z and 2?
2
Let a(x) = 6*x + 22. Let s be a(6). Calculate the greatest common factor of s and 87.
29
Let o be (6 - 3)/(-3) - -35. Suppose 3*q + 3*n + 3 = 2*q, -5*q - o = -4*n. Let h = q + 7. Calculate the highest common divisor of h and 2.
1
Suppose 3*l + 7 + 14 = 0. Let x = 4 - l. Let n be -1 + (-10)/(-1) + 2. What is the highest common factor of x and n?
11
Let l = -1 - 24. Let q = l - -41. Calculate the greatest common divisor of q and 80.
16
Suppose 4*q + 5*c = -q + 35, 5*q - c = 35. Let l = -164 + 213. Calculate the highest common divisor of l and q.
7
Suppose 8*y + 108 = 12*y. What is the highest common factor of y and 3?
3
Let q(y) = 51*y - 1. Let t be q(-1). Let b be (-8)/t + (-412)/(-26). Suppose 5*r - 19 = b. What is the greatest common divisor of r and 28?
7
Let d = 156 + -120. Suppose -o - 2*o = -5*m + 102, -o - 40 = -2*m. What is the highest common factor of d and m?
18
Let o be 80/140 + -3*(-38)/21. What is the highest common factor of 3 and o?
3
Let x(y) = 5*y**2 - 3*y**3 - 2*y**3 - 26*y - 1 + 25*y + 6*y**3. Let t be x(-3). Let n = -3 - -8. What is the greatest common factor of n and t?
5
Let g = 69 - -12. What is the highest common divisor of g and 9?
9
Suppose 13*z - 14*z + 5 = 0. Suppose 3*a + z = g + 1, 3*a = 12. What is the greatest common divisor of g and 2?
2
Let j = 3 + 0. Suppose 0 = -4*t + 5*t - j. Let y be 1*-1 + 1 - -21. What is the greatest common divisor of t and y?
3
Let g(n) = -n**3 + 6*n**2 - 4*n - 2. Let i be g(3). What is the highest common divisor of i and 91?
13
Let n be 7 - -2*(-2)/2. Suppose 10*a - 5*a - 57 = -i, -n*a + 65 = 5*i. Let f be -1 + -1 + 17 + -3 + -1. Calculate the greatest common divisor of a and f.
11
Suppose p - 802 = -2*r, 5*r + 5*p = 756 + 1254. Suppose -1800 = -5*x + r. Suppose 7*u - x = 2*u. What is the greatest common divisor of 8 and u?
8
Let z be (-1)/(-1) - (1 + -5)*1. Calculate the greatest common factor of z and 5.
5
Let i(a) = 28*a + 33. Let d be i(4). What is the greatest common divisor of d and 29?
29
Suppose r - 6 = -0*r. What is the highest common factor of r and 4?
2
Let a(h) = 2*h**2 - 5 + 8*h + 5. Let d be a(-6). Calculate the highest common factor of d and 6.
6
Suppose 4*d - 3 = 25. What is the greatest common factor of 7 and d?
7
Let u(k) = -k**3 + 5*k**2 - 3*k - 4. Let r be u(3). Suppose 2*i - r = 1. Suppose -i*z = 11 - 35. What is the greatest common divisor of 40 and z?
8
Let v(y) = -y**3 + 18*y**2 + 23*y - 40. Let b be v(19). What is the greatest common factor of b and 48?
12
Let i be 64 + -3*5/15. Calculate the greatest common factor of 42 and i.
21
Let c = 423 - 231. Calculate the greatest common divisor of c and 24.
24
Let f = 2 - 0. Let i(a) be the first derivative of 19*a**3/3 - a - 1. Let q be i(f). What is the highest common divisor of q and 30?
15
Suppose -2*v + 67 = -r, -r = 4*v + 3*r - 128. Let t be (-46)/(-2) - 2/2. Calculate the highest common divisor of v and t.
11
Let c(m) = 18*m. Let h be c(7). Calculate the greatest common divisor of h and 18.
18
Let j = 2 - 0. Suppose 2*f - 2*l - 26 = 0, -20 = -j*f - 5*l + 20. What is the highest common factor of f and 3?
3
Let c = -33 - -252. Suppose -m - m - 4*z = -82, 0 = -4*m + 3*z + c. Calculate the greatest common factor of m and 17.
17
Let w(x) = 1 + 6*x + 2*x - 7*x + 5*x. Let p be w(2). What is the highest common divisor of p and 13?
13
Suppose -t - 13 = 2*k - 6*t, -4*t + 38 = 3*k. Let b be (-63)/(-12) - k/(-8). What is the highest common factor of 9 and b?
3
Let b be (-3)/(-2)*(-4 - 2). Let f = -7 - b. Let q be -8*(0 - (-2 - -3)). Calculate the highest common divisor of f and q.
2
Let m(t) = 10*t**3 + t. Suppose 4*s = -5*y - 20, 2*y - 25 = -0*s + 5*s. Let r = s + 6. Let x be m(r). What is the greatest common factor of x and 99?
11
Let o be -3*(-3 - (-22)/(-6)). What is the greatest common divisor of 50 and o?
10
Let y(r) = 200*r**3 - r + 1. Let x be y(1). What is the highest common divisor of x and 25?
25
Let b(r) = 2*r + 1. Let k(n) = n + 1. Let h(f) = -5*b(f) + 8*k(f). Let w be h(-3). What is the greatest common divisor of w and 18?
9
Let a = -14 - 0. Let l = -3 - a. What is the highest common divisor of 11 and l?
11
Suppose 0*s + s = 12. Suppose -p = -2*p + s. What is the highest common divisor of p and 60?
12
Let h = 598 + -1008. Let k be (-2)/(-7) + h/(-35). Let o(s) = s**3 + 4*s**2 - 2*s - 5. Let q be o(-4). Calculate the highest common divisor of q and k.
3
Let n be -8*(-1)/(-2) - -74. What is the greatest common divisor of 10 and n?
10
Let m(l) = l**3 - 4*l**2 + 4*l - 1. Let r be m(5). Calculate the highest common factor of r and 132.
44
Let i = -7 + 11. Suppose 0 = 2*b + i, -3*b + 0*b = -2*q + 32. Calculate the greatest common divisor of 130 and q.
13
Let h(s) = s - 1. Let o be h(5). Suppose 146 = 3*a - o*y, -3*a + 2*y = -0*y - 136. Calculate the highest common factor of 14 and a.
14
Let y(d) = d**3 + 8*d**2 - 4*d - 7. Let n be y(-7). Let r = n - 43. What is the highest common divisor of r and 54?
27
Suppose -1 + 10 = 3*u. Suppose 0 = u*g + 109 + 17. Let z = g - -84. What is the highest common factor of z and 14?
14
Let g(l) = 3*l**3 - l + 7 + 9 - 2*l**3. Let d be g(0). Calculate the greatest common factor of d and 8.
8
Suppose 0 = -5*r - 20, -4*v + 3*r + 16 = r. Let d = 12 - 10. Calculate the highest common factor of d and v.
2
Suppose 3*v - 26 = 7. What is the greatest common factor of v and 88?
11
Let t = -8 - -5. Let m(w) = -11*w - 1. Let s be m(t). What is the greatest common factor of 8 and s?
8
Suppose 0 = -12*j + 2117 + 4879. What is the highest common divisor of 53 and j?
53
Suppose -5*h - 11 = -31. Suppose w + h*v = 2*w - 6, -w + v - 6 = 0. Let g be (-30)/(-4)*(-32)/w. What is the highest common factor of 36 and g?
12
Let z = 234 + -160. What is the highest common divisor of 37 and z?
37
Suppose -5*k + 2 = 3*u - 17, k = 5*u + 15. Suppose 2*w - 18 = -2*c - 2*c, -k*c - 10 = 0. Calculate the highest common factor of 143 and w.
13
Let c be (-444)/(-45) - (-4)/30. Calculate the greatest common factor of 10 and c.
10
Suppose 3 = -3*s - 0, -3*w = 3*s - 48. What is the highest common factor of w and 153?
17
Let l(j) = j - 4. Let s be l(10). Calculate the greatest common factor of 42 and s.
6
Suppose -4*w + 33 = -95. Suppose 0*s - 4*s + w = 0. Let t(b) = -9*b**3 - 2*b**2 - 2*b - 1. Let p be t(-1). What is the highest common divisor of p and s?
8
Let s be ((-16)/(-5))/((-8)/(-20)). What is the greatest common divisor of s and 88?
8
Suppose -3*u + 4*u = 2*z - 3, 0 = -3*u + z + 1. Let f be (-1)/u + (2 - -60). Let m = f - 7. What is the greatest common divisor of 6 and m?
6
Suppose 0*f + 3*f = -81. Let o = f - -40. Calculate the highest common divisor of 143 and o.
13
Let w(a) = -a**3 + 8*a**2 + 2*a + 5. Let b be w(8). Let l = 76 - b. Calculate the highest common divisor of l and 11.
11
Suppose 3 = 3*d - 2*d. Suppose 0 = -3*q - 0 + d. What is the highest common factor of q and 1?
1
Suppose 0*o + 10 = o. What is the highest common divisor of o and 80?
10
Suppose -4*z - 28 = -5*a, 4*a + 0*z = -5*z + 6. Suppose a*b - 5*y = -225, -b + 4*y - 70 = -0*b. Let x = b + 83. What is the highest common factor of 3 and x?
3
Let z(g) = -2*g**3 - 5*g**2 - 4*g. Let x be z(-3). Let l be 344/28 - 6/x. Let m be (3/(-2))/(l/(-136)). What is the greatest common factor of m and 119?
17
Let c be (3 - -13)/((-4)/(-22)). Suppose -4*z = -z - 24. What is the greatest common divisor of z and c?
8
Suppose -8 = 2*z, 3*b - 2*b + 1 = -z. Suppose 113 = b*k + 8. Calculate the highest common factor of k and 7.
7
Let c = 10 + -15. Let d = c - -70. Calculate the greatest common factor of d and 26.
13
Let v = 78 + -76. What is the greatest common divisor of v and 22?
2
Let r(i) = -164*i + 1. Let b be r(-1). Suppose 2*q + b = 7*q. What is the highest common factor of q and 11?
11
Let k be (-4 - -5)/(2/6). Suppose k*t - 25 = -7. What is the highest common divisor of 48 and t?
6
Let x be 3 + 0 + 8 - -1. Calculate the highest common factor of x and 6.
6
Let l(d) = 2*d + 8. Let k be l(4). Calculate the highest common factor of 144 and k.
16
Suppose -5*s - 5*g = -s - 658, 494 = 3*s + 4*g. Let o(t) = -2*t**3